2926 and 98904234?
418
Calculate the highest common divisor of 2131 and 13479.
1
Calculate the greatest common divisor of 819 and 116790921.
117
Calculate the greatest common divisor of 5940862 and 702432.
542
What is the greatest common factor of 1229281 and 1479638?
2813
Calculate the greatest common factor of 26572 and 7550536.
2044
Calculate the highest common factor of 768 and 894490880.
256
Calculate the highest common divisor of 6993 and 55019.
37
Calculate the highest common factor of 225 and 26657170.
5
What is the greatest common divisor of 280 and 1249240?
40
What is the highest common divisor of 1059050 and 8257?
359
Calculate the greatest common factor of 720876 and 5655.
39
Calculate the highest common factor of 34502 and 257582.
26
Calculate the greatest common factor of 296 and 210841096.
296
Calculate the highest common divisor of 457215 and 170.
85
Calculate the highest common divisor of 17490 and 48895680.
1590
Calculate the highest common divisor of 702391085 and 605.
605
What is the greatest common divisor of 15184 and 110741?
73
What is the highest common divisor of 20 and 262036690?
10
Calculate the greatest common factor of 62002 and 1971236.
2138
Calculate the highest common factor of 207975 and 5311.
47
Calculate the highest common factor of 285 and 406605.
15
What is the highest common divisor of 113593 and 35032?
29
What is the highest common divisor of 4085536 and 853268?
3172
What is the greatest common divisor of 2074372 and 14084?
2012
What is the greatest common factor of 121158 and 2118360?
762
What is the highest common divisor of 322 and 214471159?
161
Calculate the highest common divisor of 21850879 and 991099.
5189
Calculate the highest common divisor of 11014 and 2141975185.
5507
Calculate the greatest common factor of 64 and 249915952.
16
What is the highest common factor of 29566215 and 116235?
2835
Calculate the greatest common factor of 115 and 11543240.
115
Calculate the greatest common factor of 18572139 and 10596.
2649
What is the greatest common factor of 51829785 and 245?
35
What is the greatest common factor of 807 and 1488896439?
807
What is the greatest common factor of 14108993 and 582857?
4817
Calculate the highest common divisor of 65781802 and 58.
58
What is the highest common factor of 4782 and 24520502?
1594
Calculate the highest common divisor of 49638232 and 46.
46
Calculate the greatest common factor of 348 and 3971028.
348
What is the highest common factor of 626 and 3676342126?
626
What is the greatest common divisor of 222313421 and 9687?
3229
What is the highest common factor of 1 and 10277245?
1
Calculate the highest common divisor of 1729610861 and 11.
11
What is the greatest common divisor of 323 and 4833980?
19
What is the highest common factor of 28879290 and 4752?
198
What is the highest common divisor of 96 and 9297000?
24
Calculate the greatest common factor of 842494 and 797158.
3778
What is the greatest common factor of 1911 and 859803?
147
Calculate the greatest common factor of 418 and 514122026.
418
Calculate the highest common divisor of 106260 and 4882570.
770
What is the highest common factor of 44907941 and 13?
13
Calculate the highest common divisor of 512 and 295731200.
512
What is the greatest common factor of 563815 and 19353425?
6335
What is the highest common factor of 330 and 766493310?
330
Calculate the greatest common factor of 72 and 10404624.
24
Calculate the greatest common divisor of 15919527 and 25833.
237
Calculate the greatest common divisor of 135 and 1034289.
27
Calculate the highest common factor of 20 and 44035682.
2
What is the greatest common divisor of 473228 and 4636?
4
What is the greatest common factor of 12495 and 65535?
255
Calculate the greatest common factor of 672758 and 272.
34
What is the highest common factor of 9036 and 11142?
18
What is the greatest common divisor of 24 and 2564228?
4
Calculate the highest common divisor of 3513136 and 1584.
176
Calculate the highest common factor of 51228144 and 22.
22
What is the highest common divisor of 54263475 and 54441?
2367
What is the highest common divisor of 44713825 and 60775?
5525
What is the greatest common divisor of 285541316 and 18020?
3604
What is the greatest common factor of 2889161 and 132?
11
What is the greatest common divisor of 704945433 and 282?
141
Calculate the greatest common factor of 726 and 1387144.
242
What is the greatest common factor of 113718 and 354?
6
What is the greatest common factor of 308751 and 5529?
291
Calculate the greatest common factor of 115842 and 6450.
258
What is the greatest common factor of 1179 and 23922?
9
What is the highest common factor of 701 and 1940819444?
701
Calculate the greatest common divisor of 175971690 and 90.
90
What is the greatest common factor of 2647656 and 4312?
88
Calculate the greatest common factor of 8240 and 1078320.
80
What is the highest common factor of 2177268 and 492?
12
What is the highest common factor of 10 and 788369300?
10
Calculate the highest common divisor of 108675 and 303945.
345
Calculate the greatest common divisor of 118234939 and 3854.
1927
What is the highest common factor of 52 and 2348492?
4
Calculate the greatest common divisor of 7 and 142713361.
7
What is the greatest common factor of 2050851 and 92149?
2143
Calculate the greatest common factor of 8092 and 1040958926.
4046
What is the greatest common factor of 1447 and 409838151?
1447
What is the highest common divisor of 19064487 and 143?
13
Calculate the highest common divisor of 51 and 506447.
17
What is the greatest common divisor of 585 and 1632007?
13
Calculate the greatest common divisor of 3030375 and 1.
1
Calculate the highest common divisor of 52387478 and 3289.
143
What is the greatest common factor of 1152293593 and 3531?
1177
Calculate the greatest common factor of 118052972 and 292.
292
What is the greatest common factor of 44248 and 9048?
8
What is the greatest common factor of 2948390 and 91478?
106
What is the greatest common divisor of 9572965 and 40?
5
Calculate the highest common factor of 132738 and 9858.
6
What is the greatest common factor of 138552 and 4539096?
552
What is the greatest common divisor of 1569 and 3482657?
523
Calculate the highest common divisor of 3252834 and 2522.
26
Calculate the greatest common divisor of 12282047 and 1333.
43
What is the highest common divisor of 87507 and 64484?
7
Calculate the highest common divisor of 6292646 and 141361.
181
Calculate the highest common divisor of 9 and 919293.
3
What is the greatest common factor of 275 and 399550855?
55
Calculate the highest common factor of 17873 and 847063.
293
Calculate the greatest common factor of 28994316 and 714.
102
What is the highest common factor of 16144912 and 1568?
784
Calculate the highest common divisor of 1749 and 339361.
11
What is the highest common divisor of 6186747 and 161?
161
Calculate the highest common factor of 1482360 and 24990.
30
Calculate the greatest common divisor of 281685 and 97060.
1055
Calculate the greatest common factor of 32852908 and 748.
748
What is the highest common factor of 16 and 63664004?
4
Calculate the highest common divisor of 1885 and 7736170.
65
Calculate the greatest common factor of 20120210 and 3333.
1111
Calculate the highest common factor of 338651 and 396652.
1871
What is the greatest common divisor of 2244241 and 10927249?
5653
What is the greatest common divisor of 1323 and 57344112?
1323
What is the greatest common divisor of 817 and 1595816?
43
What is the greatest common divisor of 24035 and 22586345?
2185
Calculate the highest common factor of 511888 and 344747.
299
What is the highest common divisor of 20 and 287861740?
20
What is the greatest common divisor of 164877390 and 405?
135
Calculate the greatest common factor of 428877462 and 11310.
2262
Calculate the highest common factor of 63822824 and 10868.
988
Calculate the highest common factor of 7483163 and 327697.
4489
Calculate the greatest common factor of 15010 and 4904320.
790
Calculate the greatest common factor of 145791 and 8439.
291
What is the highest common divisor of 8756 and 1747881476?
8756
What is the greatest common divisor of 1329981 and 513?
57
Calculate the highest common factor of 22665 and 190695.
